{"id":95,"date":"2025-03-23T14:10:13","date_gmt":"2025-03-23T13:10:13","guid":{"rendered":"https:\/\/smns3.idsl.pl\/?page_id=95"},"modified":"2025-04-27T22:07:00","modified_gmt":"2025-04-27T20:07:00","slug":"aktualnosci","status":"publish","type":"page","link":"https:\/\/smns3.idsl.pl\/?page_id=95","title":{"rendered":"Aktualno\u015bci"},"content":{"rendered":"<hr \/>\n<p style=\"text-align: center;\"><b>I<u>nformacja dla mieszka\u0144c\u00f3w o bonie energetycznym.<\/u><\/b><\/p>\n<p style=\"text-align: center;\">Zasady i tryb przyznawania, ustalania wysoko\u015bci i wyp\u0142acania bonu energetycznego okre\u015bla <i>Ustawa z dnia 23 maja 2024r. o bonie energetycznym oraz o zmianie niekt\u00f3rych ustaw<\/i><\/p>\n<p style=\"text-align: center;\"><i> w celu ograniczenia cen energii elektrycznej, gazu ziemnego i ciep\u0142a systemowego.<\/i><\/p>\n<p style=\"text-align: center;\"><b>Bon energetyczny <\/b>jest \u015bwiadczeniem pieni\u0119\u017cnym przys\u0142uguj\u0105cym jednorazowo gospodarstwu domowemu jednoosobowemu oraz wieloosobowemu, w kt\u00f3rych wysoko\u015b\u0107 przeci\u0119tnego dochodu za 2023r. nie przekracza\u0142a:<\/p>\n<p style=\"text-align: center;\">&#8211; dla gospodarstwa jednoosobowego <b>2500 z\u0142 na osob\u0119<\/b><\/p>\n<p style=\"text-align: center;\"><b>&#8211; <\/b>dla gospodarstwa wieloosobowego <b>1700 z\u0142 na osob\u0119.<\/b><\/p>\n<p style=\"text-align: center;\"><i>Chodzi tu o wysoko\u015b\u0107 przeci\u0119tnego miesi\u0119cznego dochodu w rozumieniu art. 3 pkt 1 ustawy z 28 listopada 2003r. o \u015bwiadczeniach rodzinnych (tekst jednolity: Dz. U. z 2024r. poz. 323).<\/i><\/p>\n<p style=\"text-align: center;\">W przypadku gdy wysoko\u015b\u0107 przeci\u0119tnego dochodu za 2023r. na osob\u0119 przekracza\u0142a kwoty dochodu 2500 z\u0142 lub 1700 z\u0142 na osob\u0119, bon energetyczny przys\u0142uguje w wysoko\u015bci r\u00f3\u017cnicy mi\u0119dzy kwot\u0105 bonu energetycznego a kwot\u0105 o kt\u00f3r\u0105 zosta\u0142 przekroczony przeci\u0119tny doch\u00f3d za 2023r. na osob\u0119. Minimalna kwota wyp\u0142acanych bon\u00f3w b\u0119dzie wynosi\u0107 20 z\u0142.<\/p>\n<p style=\"text-align: center;\"><u><b>Bon energetyczny za okres od 01 lipca 2024r. do 31 grudnia 2024r. jest wyp\u0142acany jednorazowo.<\/b><\/u><\/p>\n<p style=\"text-align: center;\"><u>Bon energetyczny przyznaje si\u0119 w wysoko\u015bci:<\/u><\/p>\n<p style=\"text-align: center;\">1. <b>300 z\u0142<\/b> &#8211; dla gospodarstwa domowego jednoosobowego<\/p>\n<p style=\"text-align: center;\">2. <b>400 z\u0142<\/b> &#8211; dla gospodarstwa domowego wieloosobowego sk\u0142adaj\u0105cego si\u0119 z 2 do 3 os\u00f3b<\/p>\n<p style=\"text-align: center;\">3. <b>500 z\u0142<\/b> &#8211; dla gospodarstwa domowego wieloosobowego sk\u0142adaj\u0105cego si\u0119 z 4 do 5 os\u00f3b<\/p>\n<p style=\"text-align: center;\">4. <b>600 z\u0142 <\/b>&#8211; dla gospodarstwa domowego wieloosobowego sk\u0142adaj\u0105cego si\u0119 z co najmniej 6 os\u00f3b.<\/p>\n<p style=\"text-align: center;\"><u>W przypadku gdy g\u0142\u00f3wne \u017ar\u00f3d\u0142o ogrzewania danego gospodarstwa domowego jest zasilane energi\u0105 elektryczn\u0105 i jest wpisane lub zg\u0142oszone do centralnej ewidencji emisyjno\u015bci budynk\u00f3w, bon energetyczny przyznaje si\u0119 w wysoko\u015bci:<\/u><\/p>\n<p style=\"text-align: center;\">1. <b>600 z\u0142 <\/b>&#8211; dla gospodarstwa domowego jednoosobowego<\/p>\n<p style=\"text-align: center;\">2. <b>800 z\u0142<\/b> &#8211; dla gospodarstwa domowego wieloosobowego sk\u0142adaj\u0105cego si\u0119 z 2 do 3 os\u00f3b<\/p>\n<p style=\"text-align: center;\">3. <b>1000 z\u0142<\/b> &#8211; dla gospodarstwa domowego wieloosobowego sk\u0142adaj\u0105cego si\u0119 z 4 do 5 os\u00f3b<\/p>\n<p style=\"text-align: center;\">4. <b>1200 <\/b><b>z\u0142<\/b> &#8211; dla gospodarstwa domowego wieloosobowego sk\u0142adaj\u0105cego si\u0119 z co najmniej 6 os\u00f3b.<\/p>\n<p style=\"text-align: center;\"><b>Wniosek o wyp\u0142at\u0119 bonu energetycznego nale\u017cy z\u0142o\u017cy\u0107 do MGOPS w Nowej Sarzynie ul. Ignacego \u0141ukasiewicza 2 tel. 177178169 do dnia 30 wrze\u015bnia 2024r.<\/b><\/p>\n<p style=\"text-align: center;\"><b>Po tym terminie wnioski nie b\u0119d\u0105 rozpatrywane.<\/b><\/p>\n","protected":false},"excerpt":{"rendered":"<p>Informacja dla mieszka\u0144c\u00f3w o bonie energetycznym. Zasady i tryb przyznawania, ustalania wysoko\u015bci i wyp\u0142acania bonu energetycznego okre\u015bla Ustawa z dnia 23 maja 2024r. o bonie energetycznym oraz o zmianie niekt\u00f3rych ustaw w celu ograniczenia&#46;&#46;&#46;<\/p>\n","protected":false},"author":1,"featured_media":0,"parent":0,"menu_order":0,"comment_status":"closed","ping_status":"closed","template":"","meta":{"footnotes":""},"class_list":["post-95","page","type-page","status-publish","hentry"],"_links":{"self":[{"href":"https:\/\/smns3.idsl.pl\/index.php?rest_route=\/wp\/v2\/pages\/95","targetHints":{"allow":["GET"]}}],"collection":[{"href":"https:\/\/smns3.idsl.pl\/index.php?rest_route=\/wp\/v2\/pages"}],"about":[{"href":"https:\/\/smns3.idsl.pl\/index.php?rest_route=\/wp\/v2\/types\/page"}],"author":[{"embeddable":true,"href":"https:\/\/smns3.idsl.pl\/index.php?rest_route=\/wp\/v2\/users\/1"}],"replies":[{"embeddable":true,"href":"https:\/\/smns3.idsl.pl\/index.php?rest_route=%2Fwp%2Fv2%2Fcomments&post=95"}],"version-history":[{"count":6,"href":"https:\/\/smns3.idsl.pl\/index.php?rest_route=\/wp\/v2\/pages\/95\/revisions"}],"predecessor-version":[{"id":165,"href":"https:\/\/smns3.idsl.pl\/index.php?rest_route=\/wp\/v2\/pages\/95\/revisions\/165"}],"wp:attachment":[{"href":"https:\/\/smns3.idsl.pl\/index.php?rest_route=%2Fwp%2Fv2%2Fmedia&parent=95"}],"curies":[{"name":"wp","href":"https:\/\/api.w.org\/{rel}","templated":true}]}}